alculate the greatest common divisor of 55420678 and 7188.
1198
Calculate the greatest common factor of 1119636 and 13644.
36
Calculate the greatest common divisor of 970 and 35635.
5
What is the greatest common factor of 17274 and 196698?
6
Calculate the greatest common divisor of 15220610 and 850.
170
What is the highest common factor of 8613 and 3256990?
319
What is the highest common factor of 10314 and 433139868?
3438
What is the greatest common factor of 27265 and 171437?
133
Calculate the highest common factor of 8619203 and 11771.
149
Calculate the greatest common factor of 66608075 and 25.
25
Calculate the highest common factor of 114422883 and 114.
57
What is the highest common divisor of 291204 and 468?
36
Calculate the highest common factor of 5493 and 14958.
3
What is the highest common factor of 177802 and 7070?
2
What is the greatest common factor of 3645 and 188055?
135
Calculate the greatest common factor of 833 and 387247.
49
Calculate the greatest common divisor of 620 and 89143290.
310
Calculate the greatest common divisor of 11762 and 134.
2
What is the highest common divisor of 18 and 6840534?
6
Calculate the highest common divisor of 137 and 5880451.
137
What is the greatest common factor of 22476106 and 138?
46
What is the highest common divisor of 920 and 90383744?
184
What is the greatest common divisor of 15926469 and 15093?
1677
What is the highest common factor of 26 and 52618722?
26
Calculate the highest common factor of 517302 and 82998.
522
What is the greatest common factor of 313598 and 292?
2
Calculate the highest common divisor of 401511 and 61755.
69
Calculate the highest common factor of 22561 and 2132900.
77
What is the highest common divisor of 4210 and 51070?
10
Calculate the highest common divisor of 48610138 and 386.
386
What is the greatest common factor of 2724000 and 8800?
800
What is the greatest common factor of 1044 and 230658228?
1044
What is the highest common divisor of 12932665 and 10?
5
What is the greatest common factor of 182017408 and 1408?
128
What is the highest common factor of 340680 and 32370?
30
Calculate the greatest common factor of 9296 and 18863908.
2324
Calculate the greatest common divisor of 124550 and 8439508.
4982
What is the highest common factor of 14480 and 6?
2
What is the greatest common factor of 3750 and 601950?
150
What is the greatest common factor of 590 and 15960562?
118
Calculate the highest common divisor of 1458 and 2990601.
243
What is the highest common factor of 695568 and 3155856?
2064
What is the greatest common divisor of 684 and 18173652?
228
What is the greatest common factor of 10197432 and 684?
36
Calculate the highest common factor of 4764727 and 72127.
869
Calculate the greatest common divisor of 11250301 and 2140.
107
What is the highest common factor of 2257724 and 1036?
28
Calculate the greatest common factor of 2673 and 7093746.
99
What is the greatest common divisor of 7 and 485244914?
7
Calculate the highest common divisor of 23814 and 1920.
6
What is the greatest common divisor of 543920 and 12610?
130
Calculate the greatest common divisor of 12195960 and 96.
24
What is the greatest common divisor of 217 and 2315483?
31
Calculate the greatest common divisor of 4 and 6719153.
1
What is the highest common divisor of 8577 and 7929?
9
Calculate the highest common divisor of 20793 and 82392621.
717
What is the highest common divisor of 2263 and 1064664?
31
Calculate the highest common factor of 21 and 255009363.
21
Calculate the greatest common factor of 231 and 25933831.
77
Calculate the greatest common factor of 1167710 and 63710.
230
Calculate the highest common factor of 11748 and 6754.
22
What is the greatest common factor of 8282 and 1192116?
82
Calculate the highest common factor of 381159 and 144.
9
Calculate the greatest common factor of 666790 and 1957105.
2545
What is the greatest common divisor of 207 and 19000461?
69
Calculate the greatest common factor of 90171 and 364554.
387
What is the greatest common divisor of 50 and 214348130?
10
Calculate the greatest common factor of 11115 and 1485315.
585
What is the highest common divisor of 274173 and 177?
177
Calculate the highest common factor of 29971535 and 10.
5
Calculate the highest common divisor of 58639567 and 1501.
1501
What is the greatest common factor of 293435 and 30?
5
What is the highest common factor of 16331492 and 68?
68
Calculate the greatest common divisor of 1037015 and 70.
35
Calculate the highest common divisor of 41407 and 214837.
47
Calculate the highest common divisor of 76712 and 1345040.
344
Calculate the greatest common factor of 462 and 11061501.
33
What is the highest common factor of 216 and 8826684?
12
What is the highest common divisor of 12779 and 439401?
983
Calculate the highest common divisor of 3801054 and 698646.
318
Calculate the highest common divisor of 6676 and 121099302.
3338
What is the highest common divisor of 41412420 and 345?
345
What is the greatest common divisor of 627402986 and 62?
62
Calculate the highest common factor of 45 and 4980165.
15
What is the greatest common divisor of 7185809 and 129951?
4813
What is the highest common factor of 2090 and 930490?
110
What is the greatest common factor of 411 and 1203218118?
411
Calculate the greatest common factor of 16095324 and 324.
12
What is the highest common factor of 30 and 18391470?
30
What is the highest common factor of 145044 and 141678?
306
What is the highest common factor of 96831 and 333123?
609
Calculate the highest common factor of 1 and 136566.
1
What is the greatest common factor of 530988784 and 23968?
1712
What is the greatest common divisor of 1321 and 3591018289?
1321
Calculate the greatest common divisor of 4952828 and 13054108.
18412
Calculate the greatest common factor of 116007915 and 3315.
255
Calculate the highest common factor of 399450857 and 13.
13
What is the highest common factor of 855856 and 104?
8
Calculate the highest common factor of 1512 and 7956648.
504
Calculate the greatest common divisor of 12816 and 193041.
801
What is the greatest common factor of 7176763 and 55924?
451
Calculate the greatest common divisor of 703683 and 820.
41
What is the greatest common divisor of 18180108 and 20591?
349
What is the highest common factor of 380 and 533653?
19
What is the greatest common divisor of 5313121 and 44?
11
What is the greatest common divisor of 748392 and 56?
8
What is the greatest common divisor of 2111261 and 3724?
19
Calculate the highest common divisor of 1000 and 108562750.
250
What is the highest common divisor of 3524 and 365?
1
What is the highest common divisor of 78528 and 8768?
64
Calculate the highest common divisor of 557960 and 34840.
520
What is the highest common factor of 136323420 and 652?
652
What is the greatest common factor of 11134861 and 3?
1
Calculate the greatest common divisor of 23682 and 127.
1
What is the greatest common factor of 630328 and 312?
8
What is the greatest common divisor of 144 and 9599868?
36
Calculate the highest common divisor of 8 and 35316964.
4
What is the greatest common divisor of 210 and 1311744?
42
Calculate the highest common divisor of 8503 and 9596795.
773
Calculate the greatest common divisor of 2525560332 and 9663.
9663
Calculate the highest common factor of 6150360 and 15807.
1437
What is the highest common factor of 70354494 and 2268?
1134
What is the greatest common divisor of 260280334 and 1646?
1646
What is the greatest common factor of 175 and 6846595?
35
What is the highest common divisor of 567893500 and 355?
355
Calculate the greatest common divisor of 4641336 and 13230.
126
Calculate the highest common factor of 43253952 and 224.
224
Calculate the greatest common factor of 664020 and 2772.
252
Calculate the greatest common divisor of 285 and 304845.
15
What is the highest common factor of 52 and 11907350?
26
What is the highest common factor of 853546081 and 629?
629
Calculate the greatest common divisor of 1496 and 3290848.
88
Calculate the highest common factor of 36 and 170697276.
36
Calculate the highest common factor of 300 and 80072760.
60
Calculate the greatest common divisor of 175 and 13703865.
35
Calculate the highest common divisor of 4245 and 306225.
15
What is the